= h**3 + 29*h**2 + 52*h - 55. Calculate y(n).
-1
Let d(s) = s**2 - s + 1. Let v = -91 + 50. Let a = -29 - v. Let x be (-4)/a*6/1. What is d(x)?
7
Let m(h) be the first derivative of -h**5/24 - h**4/12 - 21*h**3 + 85. Let n(c) be the third derivative of m(c). Determine n(-1).
3
Let x(i) = 1. Let b(u) = -137 - u - 129 + 263. Let c(h) = b(h) + 2*x(h). Let j(t) = 10*t - 42. Let k be j(5). Calculate c(k).
-9
Let l(q) be the third derivative of q**8/560 - q**6/720 + 2*q**4/3 - 3*q**2 + 22. Let y(w) be the second derivative of l(w). Give y(-1).
-11
Let d = -104 - -106. Let r(a) = 6*a - 2. Let g(x) = 14*x - 6. Let u(m) = d*g(m) - 5*r(m). Suppose -3*o - 20 = -8*o. What is u(o)?
-10
Let h = -604 + 609. Suppose 5*q = h*x + 100 - 60, -4*x + 32 = 4*q. Let d(w) = -w**2 + 5*w + 15. Determine d(q).
-9
Let z(m) = 4242*m - 16 - 5*m**2 - 4235*m + m**3 + 11. Suppose 0 = -2*i + i - 3. Let w be (-2)/i*(8 + -2). Determine z(w).
7
Let u(w) be the first derivative of -w**3/2 + 4*w**2 - w + 2. Let j(k) be the first derivative of u(k). Let p(g) = -163*g - 6025. Let x be p(-37). Give j(x).
-10
Let m(v) be the first derivative of 0*v + v**3 + 1/2*v**2 - 9. Suppose -5*c + 15 = 0, 3*h - 10 = 5*h - 2*c. Calculate m(h).
10
Let w(d) = d**2 - 4*d + 4. Let n be w(4). Let v(z) = 375 + 64*z - 366 - 65*z. What is v(n)?
5
Suppose 527*n = 3*h + 524*n - 33, -4*h + 2 = 3*n. Let f(j) = 5*j + 9. Determine f(h).
34
Let v(s) = -s**3 - 5*s**2 + 4. Let h(n) = -5*n - 154. Let t be -18*(1 + (-8)/(-12)). Let a be h(t). Give v(a).
-12
Let j(m) = -m**3 - 7*m**2 - 4*m + 2. Let u = 475 + -433. Suppose -u*c = -40*c + 12. What is j(c)?
-10
Let t(m) = -3591002*m - m**3 + 3590999*m + 6*m**2 - 2*m**2. Let n(r) = -r - 3. Let v be n(-5). What is t(v)?
2
Let a(b) = -b**3 + 7*b**2 + 4*b + 8. Let d = -2356 - -2364. Give a(d).
-24
Let d(j) = j**3 - 9*j**2 - 9*j + 1. Suppose -96*c = 4*s - 101*c - 30, 2*s = -4*c + 28. Determine d(s).
11
Let y(d) = 353*d - 8455. Let t be y(24). Let i(n) = 21*n - 360. What is i(t)?
-3
Let n(o) = -6*o + 4. Let g(v) = -v**2 - v. Let h be g(-3). Let i = h + 3. Determine n(i).
22
Let c(b) = -110*b**2 - 6*b - 420. Let t(a) = 46*a**2 + 3*a + 168. Let f(i) = -5*c(i) - 12*t(i). What is f(6)?
-24
Let y(h) = -2*h**2 - h - 2. Suppose 0 = 4*a + 2*j + 10, 4*j + 20 = -a - 3*a. Suppose a = -2*m - m - 3*n + 6, -m - 5*n = -22. What is y(m)?
-17
Suppose -4*u = 5*p - 35 + 9, 0 = 2*p - u. Suppose -b = -4*t + p + 6, 4*b + t - 19 = 0. Let j be ((-9 - -9)*(-2)/b)/(-2). Let d(r) = r + 1. Determine d(j).
1
Suppose -123*i - 50*i - 15*i = 0. Let u(q) = q**2 - 15*q + 2. Calculate u(i).
2
Let v(b) be the third derivative of b**5/60 - 17*b**4/12 - 34*b**3/3 - 249*b**2. Let u(o) be the first derivative of v(o). What is u(18)?
2
Let h(p) = 17*p**3 - 195*p**2 - 343*p + 231. Let n(u) = 3*u**3 - 39*u**2 - 69*u + 46. Let f(o) = 2*h(o) - 11*n(o). What is f(-37)?
-7
Let j(s) = 3*s - 30. Let o be j(13). Suppose o*d - 4*d - 35 = 0. Suppose 0 = 5*f - d*f - 6. Let z(t) = -t**3 - 2*t**2 + t. Give z(f).
6
Let x(b) = -b**3 + 41*b**2 + 983*b + 171. Let n be x(58). Let d(i) = 2*i**3 - i**2 - 6*i - 6. Calculate d(n).
-51
Let n = -54 - -49. Let w(h) = -8*h - 47. Let p be w(n). Let x(c) = 15*c + 25. Let m(v) = -7*v - 12. Let d(b) = -13*m(b) - 6*x(b). What is d(p)?
-1
Let k(o) = 0*o**2 - o**2 + 28 - 43 - 8*o. Let m be (-1 + (-1)/1)*(5490/(-36))/(-61). Give k(m).
0
Suppose -2240*i = -2243*i + 3*b - 129, -2*i - 86 = -b. Let u(m) = m**2 + 38*m - 200. What is u(i)?
15
Suppose 4*v + 15 = -3*u, -3*v = -4*u + 2*u - 10. Let h(i) = 2*i**2 + 3*i + 8. Give h(v).
8
Let g(o) = 7 + 0 - o**2 + 1338*o + 6 + 7 - 1326*o. Determine g(13).
7
Let o(j) = -1229*j**3 + 19*j**2 - j - 5. Let m(i) = -1431*i**3 + 22*i**2 - i - 6. Let s(l) = 6*m(l) - 7*o(l). Let t be 4/6 - 3/(-9). Determine s(t).
16
Let w(t) = t**2 - 5*t + 4. Suppose -2*q - 13 = -103. Let a be (-6)/((-18)/141) + 5/(-1). Let h = q - a. Calculate w(h).
-2
Let s(i) = i + 2. Let d(p) = 22*p + 107. Let z be d(-5). Let w be (z + -4 + 6)*-2. Determine s(w).
4
Let g(m) = 2*m**3 + 248*m**2 + 486*m - 242. Let o be g(-122). Let n(p) = 45*p - 91. What is n(o)?
-1
Let y(n) = n**2 - 12*n + 15. Let s be y(11). Suppose -s*u - 3*b + 8 = -16, -5*u - b + 19 = 0. Let a(f) = -2*f + 7. What is a(u)?
1
Let c(r) = 157*r + 467. Let v be c(-3). Let g(f) = 2*f**3 + 13*f**2 - 11*f - 11. Let d(h) = -h**3 - 7*h**2 + 6*h + 6. Let u(b) = 5*d(b) + 3*g(b). What is u(v)?
9
Let b(i) be the third derivative of 1/4*i**4 + 102*i**2 + 0 - i**3 + 1/60*i**5 + 0*i. Give b(-10).
34
Let l be 44/4 + 12/(1 + -13). Let y(q) = 7*q - 21. Give y(l).
49
Let f(p) = -6*p + 1. Let y = 50 - 43. Suppose 2*d - 16 = 3*r, 4*d + r - y = 11. Let w(m) = 13*m - 2. Let l(n) = d*f(n) + 2*w(n). Calculate l(2).
-7
Let i(l) = l**2 + 2*l + 6. Let r = -4371 - -4371. What is i(r)?
6
Let h = -286 - -292. Let f(n) = -4*n - 5 - h*n**3 + 8*n + 4*n**2 + 5*n**3. Determine f(4).
11
Let g(w) be the third derivative of w**4/4 + 29*w**3/6 + 1386*w**2. Calculate g(-4).
5
Let n(j) be the second derivative of j**3/3 - j**2/2 + 2*j. Suppose -4*a + 46 = 5*t, 0 = -6*t + 9*t + 3*a - 30. Calculate n(t).
11
Let f(x) = 3550 + 3552 + 3*x + 3*x - 7210. Determine f(23).
30
Let j(o) = -o**2 + 1. Let g(q) = -4*q**2 + 2. Suppose -77 = -4*m - 73. Let i(y) = m*g(y) - 3*j(y). What is i(3)?
-10
Let l be (-2 - -6)*(-10)/(-8). Suppose l*u = -3*m, 5*u - 4 - 6 = -5*m. Let v(j) = 11 - m - 6 - 21*j**2. Calculate v(-1).
-21
Suppose 3*q + 0*b = b + 10, q + 4*b + 14 = 0. Suppose k = q + 1. Let p(w) = -w + 4*w - k*w - w. What is p(-1)?
1
Suppose -5*k = -3*k - 86. Suppose -7*v + 1 = k. Let b(l) = 2*l**2 - 5*l. Let u(d) = -d**2. Let r(y) = b(y) + 3*u(y). Determine r(v).
-6
Let c(s) = -15*s**3 - 2*s**2 + 1. Suppose r = 9 - 2. Let u = -8176 + 8178. Suppose r = -5*z + u. Determine c(z).
14
Suppose 366 = -14*d + 1094. Let l = d - 50. Let i(b) = 3*b - 4*b + 7*b**2 + 2*b - l*b**2. Calculate i(1).
6
Let z(y) = y**3 - 4*y**2 - 2*y + 12. Let m(k) = -2*k**3 - 28*k**2 + 65*k + 22. Let l be m(-16). Give z(l).
72
Let t(w) be the first derivative of 63 + 0*w + 1/3*w**3 - w**2. Calculate t(-5).
35
Let p(a) = -5*a**2 - 30*a + 32. Let b be p(-7). Let j(m) = 3*m**3 + 2*m**2 - 7*m - 2. Determine j(b).
-44
Suppose 63*x + 22 = 74*x. Let k(t) = 2 - 2*t**2 - 3*t**2 + x*t + 13*t**2 + t**3 - 2*t**3 - 12. Calculate k(8).
6
Let s = -373 + 381. Let y(g) = s*g - 16*g + 2*g**2 + 9 + 0*g**2 - g**2. Give y(6).
-3
Let r(d) = 6*d**3 - d**2 + 13*d - 31. Let y(h) = 6*h**3 + h**2 + 12*h - 25. Let v(j) = 4*r(j) - 5*y(j). Give v(-1).
6
Let c(g) = -6 - 1 - g + 0 + 1. Let l(x) = -2*x**3 + 2*x - 1. Let b be l(-2). Suppose -17*h = -b*h + 30. Determine c(h).
-1
Let z(m) = -m**3 - m**2 + m - 7. Suppose -24 = -v - 4*j, -226*j - 6 = -227*j. Determine z(v).
-7
Let j(p) = -68*p**2 + 36*p + 59. Let g(n) = -21*n**2 + 12*n + 20. Let r(b) = 13*g(b) - 4*j(b). Give r(13).
11
Let i(m) = 16 - 63 - 12*m**2 - m**3 + 16 + 4*m + 16. Give i(-12).
-63
Let v(h) = -3*h + 453 + 444 + 200 - 1099. Calculate v(-2).
4
Let t(i) = 2*i - 8. Let d(r) = 6*r - 31. Let z be d(7). Let q be 2*(-28)/8 + z. What is t(q)?
0
Let n(d) = d + 3. Let p = -9 - -36. Let q(k) = 42*k - 13*k - p - 13*k - 18*k. Let a be q(-11). Determine n(a).
-2
Let w(b) = -2*b + 5. Suppose 618 = 2*n + 4*n. Let a = n + -101. Suppose -4*t - a*x = -4*x - 26, -x = 2*t - 7. Determine w(t).
-5
Suppose 13*k + 5*k - 486 = 0. Suppose 0 = 3*b - 6, 3*d - b + k = 28. Let n(c) = -23*c - 5. Let s(p) = -22*p - 4. Let o(h) = 4*n(h) - 5*s(h). Calculate o(d).
18
Let v(g) be the third derivative of g**5/60 + g**4/4 + g**3 + 2*g**2 - 582*g. Calculate v(-6).
6
Let c(f) be the third derivative of 0*f - 1/60*f**5 - 26*f**2 + 0 + 5/6*f**3 + 1/8*f**4. Suppose 3*g - g - 8 = 0. Give c(g).
1
Let k(f) = 5*f**3 + f**2 - f + 1. Let g(z) = -19*z**3 - 3*z**2 + 4*z - 2. Let a(q) = g(q) + 4*k(q). Let j(m) = -m**2 - 7*m. Let u be j(-7). Give a(u).
2
Suppose 7*y - 162 = 5*y. Let j = y + -77. Let n(s) = s**3 - 4*s**2 + s - 3. Give n(j).
1
Let q(p) = -p**3 + 6*p**2 + 9*p - 8. Let w be q(7). Suppose 0 = 14*b - 178 - 130. Suppose -8*o - w = -b. Let i(y) = -y**3. What is i(o)?
-8
Let h(i) = 42*i - 200 + 199 - 38*i. Determine h(0).
-1
Suppose 3*z = 9*o - 11*o - 16, -3*o = -2*z - 15. Let p(u) = 2*u**2 + 11*u + 26. Determine p(z).
32
Let h(b) be th